ded by 13.
10
What is the remainder when 195 is divided by 22?
19
Calculate the remainder when 1631 is divided by 15.
11
What is the remainder when 735 is divided by 16?
15
What is the remainder when 117 is divided by 3?
0
What is the remainder when 2690 is divided by 36?
26
Calculate the remainder when 1308 is divided by 219.
213
What is the remainder when 1631 is divided by 17?
16
What is the remainder when 198 is divided by 185?
13
What is the remainder when 628 is divided by 114?
58
Calculate the remainder when 455 is divided by 12.
11
Calculate the remainder when 1128 is divided by 103.
98
What is the remainder when 3 is divided by 2?
1
Calculate the remainder when 149 is divided by 71.
7
Calculate the remainder when 370 is divided by 154.
62
Calculate the remainder when 446 is divided by 34.
4
What is the remainder when 10671 is divided by 13?
11
Calculate the remainder when 31 is divided by 17.
14
What is the remainder when 24 is divided by 2?
0
What is the remainder when 149 is divided by 34?
13
What is the remainder when 157 is divided by 21?
10
Calculate the remainder when 254 is divided by 27.
11
Calculate the remainder when 564 is divided by 19.
13
What is the remainder when 145 is divided by 40?
25
Calculate the remainder when 1443 is divided by 720.
3
What is the remainder when 136 is divided by 68?
0
Calculate the remainder when 753 is divided by 737.
16
Calculate the remainder when 3577 is divided by 11.
2
What is the remainder when 1740 is divided by 580?
0
What is the remainder when 38 is divided by 14?
10
What is the remainder when 1587 is divided by 106?
103
What is the remainder when 5142 is divided by 103?
95
Calculate the remainder when 5381 is divided by 23.
22
What is the remainder when 16479 is divided by 134?
131
What is the remainder when 128 is divided by 5?
3
Calculate the remainder when 115 is divided by 15.
10
Calculate the remainder when 1535 is divided by 141.
125
What is the remainder when 2876 is divided by 30?
26
What is the remainder when 295 is divided by 37?
36
What is the remainder when 6723 is divided by 4?
3
What is the remainder when 40 is divided by 31?
9
What is the remainder when 114 is divided by 5?
4
What is the remainder when 28 is divided by 3?
1
What is the remainder when 361 is divided by 58?
13
Calculate the remainder when 51 is divided by 20.
11
What is the remainder when 7345 is divided by 147?
142
What is the remainder when 1483 is divided by 24?
19
Calculate the remainder when 164 is divided by 43.
35
What is the remainder when 1844 is divided by 44?
40
What is the remainder when 174 is divided by 25?
24
Calculate the remainder when 3210 is divided by 153.
150
What is the remainder when 385 is divided by 43?
41
Calculate the remainder when 404 is divided by 13.
1
What is the remainder when 824 is divided by 820?
4
What is the remainder when 541 is divided by 98?
51
What is the remainder when 337 is divided by 39?
25
Calculate the remainder when 1098 is divided by 5.
3
What is the remainder when 637 is divided by 39?
13
What is the remainder when 76 is divided by 15?
1
What is the remainder when 395 is divided by 264?
131
Calculate the remainder when 135 is divided by 66.
3
Calculate the remainder when 1837 is divided by 1829.
8
Calculate the remainder when 326 is divided by 53.
8
What is the remainder when 943 is divided by 54?
25
Calculate the remainder when 904 is divided by 188.
152
Calculate the remainder when 270 is divided by 25.
20
Calculate the remainder when 655 is divided by 7.
4
What is the remainder when 357 is divided by 120?
117
Calculate the remainder when 158 is divided by 119.
39
Calculate the remainder when 4211 is divided by 9.
8
What is the remainder when 9301 is divided by 94?
89
Calculate the remainder when 76 is divided by 32.
12
Calculate the remainder when 562 is divided by 5.
2
What is the remainder when 755 is divided by 11?
7
What is the remainder when 177 is divided by 165?
12
What is the remainder when 1486 is divided by 1471?
15
What is the remainder when 159 is divided by 20?
19
Calculate the remainder when 1822 is divided by 268.
214
What is the remainder when 116 is divided by 16?
4
What is the remainder when 6661 is divided by 49?
46
What is the remainder when 1467 is divided by 301?
263
What is the remainder when 143 is divided by 44?
11
Calculate the remainder when 1117 is divided by 86.
85
What is the remainder when 980 is divided by 71?
57
Calculate the remainder when 147 is divided by 78.
69
Calculate the remainder when 2826 is divided by 12.
6
What is the remainder when 59 is divided by 35?
24
Calculate the remainder when 272 is divided by 31.
24
What is the remainder when 648 is divided by 138?
96
Calculate the remainder when 240 is divided by 105.
30
What is the remainder when 490 is divided by 144?
58
Calculate the remainder when 1117 is divided by 279.
1
Calculate the remainder when 480 is divided by 98.
88
Calculate the remainder when 79 is divided by 31.
17
Calculate the remainder when 857 is divided by 62.
51
Calculate the remainder when 260 is divided by 49.
15
What is the remainder when 11 is divided by 10?
1
What is the remainder when 802 is divided by 264?
10
What is the remainder when 936 is divided by 135?
126
What is the remainder when 125 is divided by 15?
5
Calculate the remainder when 248 is divided by 87.
74
What is the remainder when 81 is divided by 34?
13
What is the remainder when 75 is divided by 23?
6
Calculate the remainder when 58 is divided by 20.
18
Calculate the remainder when 1796 is divided by 227.
207
What is the remainder when 768 is divided by 35?
33
Calculate the remainder when 107 is divided by 27.
26
Calculate the remainder when 545 is divided by 47.
28
What is the remainder when 66 is divided by 17?
15
What is the remainder when 393 is divided by 100?
93
What is the remainder when 177 is divided by 17?
7
What is the remainder when 70 is divided by 59?
11
What is the remainder when 21213 is divided by 208?
205
What is the remainder when 277 is divided by 35?
32
Calculate the remainder when 36 is divided by 13.
10
Calculate the remainder when 134 is divided by 48.
38
What is the remainder when 3160 is divided by 14?
10
What is the remainder when 330 is divided by 117?
96
What is the remainder when 786 is divided by 157?
1
Calculate the remainder when 1104 is divided by 54.
24
What is the remainder when 11451 is divided by 64?
59
Calculate the remainder when 2387 is divided by 50.
37
Calculate the remainder when 2385 is divided by 38.
29
Calculate the remainder when 121 is divided by 31.
28
What is the remainder when 139 is divided by 17?
3
What is the remainder when 301 is divided by 28?
21
What is the remainder when 237 is divided by 114?
9
What is the remainder when 296 is divided by 30?
26
Calculate the remainder when 29 is divided by 19.
10
What is the remainder when 2296 is divided by 230?
226
Calculate the remainder when 368 is divided by 53.
50
Calculate the remainder when 208 is divided by 10.
8
Calculate the remainder when 148 is divided by 31.
24
Calculate the remainder when 3691 is divided by 56.
51
What is the remainder when 308 is divided by 15?
8
Calculate the remainder when 70 is divided by 23.
1
What is the remainder when 84 is divided by 47?
37
What is the remainder when 85 is divided by 22?
19
Calculate the remainder when 69 is divided by 18.
15
What is the remainder when 134 is divided by 41?
11
What is the remainder when 869 is divided by 18?
5
Calculate the remainder when 211 is divided by 57.
40
Calculate the remainder when 37988 is divided by 189.
188
What is the remainder when 187 is divided by 13?
5
What is the remainder when 6968 is divided by 170?
168
What is the remainder when 73 is divided by 6?
1
Calculate the remainder when 256 is divided by 99.
58
Calculate the remainder when 698 is divided by 122.
88
Calculate the remainder when 822 is divided by 94.
70
Calculate the remainder when 3916 is divided by 652.
4
What is the remainder when 106 is divided by 23?
14
Calculate the remainder when 1305 is divided by 221.
200
Calculate the remainder when 3945 is divided by 42.
39
Calculate the remainder when 15 is divided by 7.
1
Calculate the remainder when 4359 is divided by 56.
47
C